Let w(y) = 58*y + 57*y - 134*y - 5 - 3 + 21*y. Suppose -q = 4*p + 1, 4*q - 31 = -q - 2*p. Calculate w(q).
6
Suppose 0 = 55*a + 25 + 140. Let p(x) = -5*x**2 - 2*x - 6. Suppose -3*n - 18 = -5*n. Let s(m) = -21*m**2 - 7*m - 25. Let w(t) = n*p(t) - 2*s(t). What is w(a)?
-19
Let m(y) = -y**3 + 54*y**2 - 100*y - 220. Let a be m(52). Let j(g) = -g - 12. What is j(a)?
0
Let m(l) = -l**3 - l. Let w = -13508 - -13507. Let s(k) = -2*k + 2*k + 6 - k**3 - 13*k + 10*k**2. Let z(g) = w*s(g) + 2*m(g). Determine z(-11).
-6
Let p(s) = s**3 + s**2 + s - 2. Let z(b) be the second derivative of -9*b**2 + 7*b + 1/6*b**3 + 0. Let i be z(16). Determine p(i).
-8
Let v = -4 + 6. Let l be 62/465 - 3/(135/(-174)). Suppose i + v*a = 6*i - 24, l*i = -4*a + 36. Let p(t) = t**3 - 6*t**2 + t + 8. Give p(i).
14
Let s(g) be the first derivative of -g**5/60 - g**4/12 + 4*g**3/3 + 68*g**2 - 17. Let m(u) be the second derivative of s(u). Calculate m(-4).
0
Let l(o) = 81 - o**2 + o + 72 - 147. Let k = -428 - -428. Give l(k).
6
Let m(l) be the second derivative of -l**4/6 - 11*l**3/6 + 3*l**2 + 6819*l. Calculate m(-8).
-34
Let a(h) = -h + 11. Suppose 33*i - 38*i = -20. Let o be 2*10/i*1. Suppose -6*y = -53 + o. Calculate a(y).
3
Let s = -12 + 17. Let n be s/4 + 5/(-20). Let y(c) = -26*c**2 + 7*c + 5. Let h(u) = -23*u**2 + 6*u + 4. Let w(q) = 6*h(q) - 5*y(q). What is w(n)?
-8
Let f(i) = -i**3 + 4*i**2 + 5*i - 14. Suppose -47*p - 50*p = -78*p - 76. Calculate f(p).
6
Let x be (-1 - 6/(-4))*2. Let a = x + -5. Let j(d) = -474*d**3 + 0 - 3*d + 2 + 62*d**3 + 411*d**3 - 6*d**2. Calculate j(a).
-18
Let b(t) be the third derivative of -7*t**4/12 - 3160*t**2. Calculate b(0).
0
Let d(y) be the second derivative of -4*y**4 + y**3/6 + y**2/2 + 1315*y. Give d(-1).
-48
Let b(u) be the first derivative of 39*u**4/4 + u**3/3 - u**2/2 + u + 1780. Give b(1).
40
Let f(t) be the first derivative of -t**4/4 - 15*t**3 - 43*t**2/2 + 45*t + 2656. What is f(-44)?
1
Let p(r) = 9*r - 100. Let f(d) = 8*d - 82. Let m(w) = 3*f(w) - 2*p(w). Determine m(6).
-10
Suppose -5*a - 4*o = -67, 35*o - 37*o + 6 = 0. Let y(t) = 4*t - 6. Determine y(a).
38
Let z(u) = u**2 - u. Let c(k) be the second derivative of k**4/12 - 7*k**3/6 + k**2/2 - k + 54. Let f = -16 + 17. Let i(l) = f*c(l) - 2*z(l). What is i(-5)?
1
Suppose -3*z - 2326 = -5*n, 2*z + 924 = 2*n + 4*z. Let w = n + -459. Let i(c) = 3*c - 5*c - 3 + 4*c. Give i(w).
7
Let o(p) = 20*p - 123. Let l = 1089 + -1083. Determine o(l).
-3
Let o(f) = -38*f + 190. Let i(y) = 5*y**3 - 150*y**2 - 2*y + 65. Let d be i(30). Give o(d).
0
Let r(p) = p**3 + 6*p**2 + 5*p + 5. Let d = -235 - -233. Let c be d/(((-1)/(-3))/(10/12)). What is r(c)?
5
Let j(f) be the second derivative of 47*f**4/12 + f**3/3 - 614*f. What is j(-1)?
45
Let h = -211 - -215. Let q(t) = 9*t**2 - 3*t**2 + 5*t**2 - 12*t**2 + 3 - h*t + 3. Calculate q(-6).
-6
Let t(v) = 11*v - 75. Let z be 24*6/48 + 4. What is t(z)?
2
Let k(t) = -t - 13. Let w be 33*1 + -4 + 5 + -1. Suppose -33 = 2*d - w. Suppose d = -p - 2*p - 18. Give k(p).
-7
Let b be (-16 - -21) + 1*-746. Let m = 749 + b. Let u(s) = -s**2 + 8*s - 7. Determine u(m).
-7
Let b(l) = 5*l - 22. Let j be (-117)/(-26) - 1/(-2). Let z be b(j). Let m(f) = -8*f + 2. Let s(d) = 4*d - 1. Let w(p) = z*m(p) + 5*s(p). Calculate w(4).
-15
Let j = -73 - -122. Let x(b) = -55 + 102 - j - 2*b. What is x(-2)?
2
Let o(f) = -4*f + 22. Let l(p) = 2. Let w(t) = -2*l(t) + 2*o(t). What is w(8)?
-24
Let n(z) = -2*z**3 - 5*z**2 + 2*z + 1. Let h be (-10)/4 - (-66)/(-44). Determine n(h).
41
Let m be ((-16)/11 + 2)/((-164)/(-902)). Let j(s) = 11*s + 8. Let r(n) = -n - 1. Let q(b) = 2*j(b) + 14*r(b). Determine q(m).
26
Let z(w) = 2*w - 53. Suppose 0 = r - 4*f + 168, -26*f + 29*f = -4*r - 767. Let p = r + 212. Determine z(p).
-5
Let z = 3 + 3. Suppose 5*u = 1 - z. Let x(w) = 123*w**2 + 113*w**2 - 229*w**2 + 181*w - 182*w - 1. Determine x(u).
7
Let y = -66 - -27. Let k = y + 43. Suppose 20 = -k*h - 0*h. Let d(u) = -u**3 - 6*u**2 - 4*u + 5. What is d(h)?
0
Let y(p) = p**3 - p**2 - p - 92. Suppose -54*b + 52*b - 2*w - 10 = 0, -5*b - 4*w = 20. Determine y(b).
-92
Let p(d) = 3*d**3 - 13*d**2. Let i(r) = 5*r**3 - 17*r**2 + r + 1. Let b(n) = -2*i(n) + 3*p(n). Calculate b(-4).
-10
Let h = -3897 + 3896. Let v(z) = 50*z**2 + 1. Give v(h).
51
Let k be (4 - -2)/(2/1). Let d be 23/k + (-2)/(-6). Let x(g) = 7*g + 173. Let s(i) = -i - 29. Let h(w) = 6*s(w) + x(w). Determine h(d).
7
Let h(v) be the third derivative of v**8/20160 + v**7/1680 - v**6/90 - v**5/60 + 30*v**2 - 3*v. Let p(r) be the third derivative of h(r). Calculate p(-4).
-4
Let g(n) = 4*n + 37. Suppose 0 = -51*m - 269 - 292. Give g(m).
-7
Let a(l) = 11*l**2 - 12*l**2 + 3 + 3*l - 4*l. Let r(h) = -h**3 - 8*h**2 - 12*h - 3. Suppose 4*f - 43 - 1 = 4*o, 3*f = -4*o - 9. Let b be r(o). What is a(b)?
-3
Suppose o = 22*s - 17*s + 85, -5*s - 5*o = 115. Let i(l) = -l**3 - 19*l**2 - 23*l - 43. Calculate i(s).
47
Let g(j) = 10*j**2 - 41*j - 23. Suppose 25 = 5*o, -2*l + 2*o = -0*l. Let x(s) = 7*s**2 - 28*s - 15. Let q(m) = l*g(m) - 7*x(m). What is q(8)?
-18
Let h be 8/(-10) + 2/(-20)*(-303 - -315). Let i(f) = 6*f + 29. Calculate i(h).
17
Let j(r) = -r**3 - 14*r**2 - 4. Let n be j(-14). Let y be 10/15*(-3642)/n. Let d(m) = y + m - 607. Calculate d(0).
0
Let f(c) = c**3 + 56*c**2 - 62*c - 283. Let z be f(-57). Let l(r) be the second derivative of 2/3*r**3 + r**2 + 1/12*r**4 + 0 + z*r. Give l(-3).
-1
Suppose -3*v + 0*v = -18. Suppose -4 = -m, m + 11 = 3*c - v. Let p be (c/28)/(2/(-8)). Let j(r) = -14*r**2 + r. Give j(p).
-15
Suppose 0 = 3*y + 5*l - 14, -l - 2*l = -3. Suppose -4 = -y*o + 2. Suppose p + 2 = -o. Let n(z) = 2*z + 4. Determine n(p).
-4
Let r(p) = -p**3 - 10*p**2 - 17*p + 28. Suppose 19*m - 179 = -312. What is r(m)?
0
Suppose -4 = 2*j + 2*j + 4*z, 3*z = 2*j - 3. Let y(r) be the third derivative of -1/120*r**6 + 17*r**2 - 1/24*r**4 + 0*r + 0 - 1/3*r**3 + 0*r**5. Give y(j).
-2
Let t = 20285 - 20290. Let p(l) = l**2 + 28*l + 99. Give p(t).
-16
Let n = -25173 - -25169. Let y(t) = t**2 - 11*t - 30. Give y(n).
30
Let w(y) be the second derivative of y**6/120 + y**5/20 - y**4/24 + 2*y**3/3 - 30*y**2 - 73*y. Let z(k) be the first derivative of w(k). Give z(-3).
7
Let z(k) be the third derivative of -k**4/24 + 7*k**3/2 + k**2 + 178*k. Let d = -8 + 8. Determine z(d).
21
Suppose -i - 17 = 4*p, -2*p + 3 - 13 = 0. Suppose 4*c + 11 = 2*n + i*c, n - 2*c = 13. Let q(y) = -2*y + y - 4*y**2 + 3*y**n - 2*y**3 + 2*y + 1. Determine q(3).
-5
Let y(g) be the third derivative of -g**7/840 + g**6/45 + g**5/120 - 5*g**4/24 - 10*g**3 - 5*g**2. Let k(p) be the first derivative of y(p). Determine k(8).
3
Let z(m) be the second derivative of m**5/10 + m**4/12 + m**3/6 - m**2 + 29*m + 269. Let q(n) = n**3 - 4*n**2 + n - 2. Let o be q(4). What is z(o)?
20
Let c(q) = -14*q - 3. Let t be c(-12). Let w = t - 164. Let x(v) = -v**3 - 1. Let s(l) = -11*l**3 + l**2 - l + 1. Let o(m) = -s(m) - x(m). Determine o(w).
12
Let t be (-2)/2 + 5 + 2. Suppose -5*i + 4*b + 16 = 0, -b = 3*i - 19 + 6. Let f(c) = -t*c + 5 + i + 4*c. What is f(7)?
-5
Let f = -6 - 0. Let z(a) = -148*a - 1407. Let n(t) = -16*t - 151. Let v(x) = 28*n(x) - 3*z(x). Calculate v(f).
17
Let c(s) = 3 - 2 + 4*s + 2*s**2 + 4*s - s**2. Suppose 14*y - 52 = -136. What is c(y)?
-11
Let d(o) = o**2 - 7*o - 10. Let x(u) = 19*u**3 + 2*u**2 - 3*u + 3. Let a be x(1). Let z be 1*6/21 - (-162)/a. Give d(z).
-2
Let z(x) be the first derivative of 1/2*x**2 - 155 - 4*x. Give z(6).
2
Suppose -4*v - 65 + 21 = 0. Let n(u) = 10*u + 44. Let z(x) = -7*x - 31. Let k(y) = -5*n(y) - 7*z(y). What is k(v)?
8
Let h(w) be the second derivative of -w**3/6 - 37*w**2/2 + 2683*w. Determine h(-22).
-15
Suppose -a - a = -5*d - 2, 3*d + 3*a = 3. Suppose d = -4*r + 15 + 9. Let o(u) = 10*u + 1 - 9*u - r*u. Calculate o(-5).
26
Let m be (-6)/((-1)/(-1 - 0)). Let c(d) = -657 - d - 3*d + 3*d + 9*d - 7*d + 667. What is c(m)?
4
Let v(q) = 31*q**2 - 2*q + 1. Let f(l) = 36*l**2 - 2*l**3 - 56*l**2 + 18*l + l - 17 - 15. Let x be f(-11). Determine v(x).
30
Let n = 1622 - 1607. Let h(r) = r**2 - 12*r + 35. What is h(n)?
80
Let x(l) = -5*l**2 - 4*l + 3. Suppose 4*v + 7 = z, 2*v - 5*z = 14 - 13. Give x(v).
-9
Suppose 5*b = -2*c + 25, 11*c + b + 7 = 13*c. Let y(i) be the third deriva